hat is the highest common divisor of 680798 and 1971?
73
What is the highest common factor of 629 and 30636?
37
Calculate the highest common divisor of 16511 and 553.
79
What is the highest common divisor of 1208934 and 1833?
141
Calculate the greatest common factor of 1026616 and 8.
8
What is the highest common divisor of 21 and 76153?
7
Calculate the greatest common divisor of 651105 and 18.
9
What is the greatest common divisor of 805 and 344517?
23
What is the highest common factor of 1370919 and 99?
33
What is the highest common divisor of 4303 and 52?
13
What is the greatest common divisor of 971 and 7170835?
971
What is the greatest common divisor of 211 and 398579?
211
What is the greatest common divisor of 134 and 40155914?
134
Calculate the highest common divisor of 62 and 49290.
62
What is the highest common divisor of 98861 and 6293?
203
Calculate the greatest common factor of 8307 and 65.
13
Calculate the greatest common factor of 6527 and 5917.
61
What is the greatest common divisor of 23 and 199387?
23
What is the highest common factor of 125973 and 18?
9
What is the greatest common divisor of 209074 and 2?
2
Calculate the highest common factor of 40014 and 133.
19
Calculate the greatest common factor of 4644 and 5724.
108
Calculate the greatest common divisor of 20 and 8150.
10
Calculate the greatest common divisor of 48077 and 9175.
367
Calculate the greatest common factor of 79351 and 73.
73
What is the highest common divisor of 2387 and 8239?
77
What is the highest common divisor of 1248 and 60528?
624
What is the greatest common factor of 607376 and 1218?
406
What is the highest common factor of 24722 and 2162?
94
What is the highest common factor of 73187 and 5868?
163
What is the greatest common factor of 40 and 155720?
40
Calculate the highest common divisor of 7810 and 2698.
142
Calculate the greatest common factor of 107146 and 6974.
634
Calculate the greatest common divisor of 2178 and 2310.
66
Calculate the greatest common divisor of 3860394 and 408.
102
Calculate the highest common factor of 16348 and 6588.
244
What is the greatest common divisor of 18 and 554370?
6
Calculate the greatest common factor of 1224793 and 41.
41
Calculate the greatest common factor of 16419 and 273.
39
What is the highest common factor of 34655 and 377?
29
What is the greatest common divisor of 1237451 and 19?
19
What is the greatest common factor of 12352 and 1351?
193
What is the highest common factor of 1255912 and 52808?
2296
Calculate the greatest common divisor of 49887 and 16491.
69
What is the highest common divisor of 1212686 and 43?
43
What is the greatest common divisor of 196570 and 110?
110
Calculate the highest common factor of 1341 and 3424020.
447
Calculate the greatest common factor of 60 and 15684.
12
What is the greatest common factor of 169 and 23543?
13
Calculate the greatest common factor of 182 and 1837640.
14
What is the greatest common divisor of 29922 and 6?
6
What is the highest common divisor of 20709 and 86022?
1593
Calculate the highest common factor of 16 and 16640.
16
Calculate the greatest common divisor of 10159100 and 56.
28
Calculate the highest common divisor of 1012 and 66286.
506
What is the highest common factor of 193308 and 312?
12
Calculate the highest common divisor of 7788824 and 3632.
1816
What is the greatest common factor of 3096450 and 900?
450
What is the greatest common factor of 6 and 283488?
6
Calculate the greatest common factor of 82 and 78146.
82
Calculate the greatest common divisor of 15411920 and 8.
8
What is the greatest common divisor of 84345 and 85?
5
Calculate the greatest common divisor of 1580 and 940.
20
What is the highest common factor of 875 and 1125?
125
What is the highest common factor of 2784 and 1248?
96
Calculate the greatest common divisor of 6704 and 23883.
419
Calculate the greatest common factor of 17633 and 12.
1
Calculate the greatest common divisor of 24396 and 2964.
228
What is the highest common factor of 3220 and 3920?
140
What is the highest common factor of 9855 and 339450?
1095
What is the highest common factor of 29483 and 12?
1
Calculate the greatest common divisor of 226221 and 3.
3
What is the greatest common divisor of 18732 and 1596?
84
What is the greatest common factor of 76708 and 16308?
604
Calculate the highest common divisor of 68 and 20842.
34
What is the greatest common divisor of 3102013 and 101?
101
Calculate the greatest common factor of 110 and 7832.
22
What is the greatest common divisor of 770 and 285120?
110
Calculate the greatest common factor of 17004 and 981.
327
Calculate the greatest common divisor of 39387 and 57.
57
What is the greatest common divisor of 97645 and 5015?
295
Calculate the highest common divisor of 185736 and 3763.
71
Calculate the greatest common divisor of 55560 and 3000.
120
Calculate the greatest common factor of 22295 and 1209.
13
Calculate the highest common factor of 31968 and 11692.
148
What is the highest common divisor of 177012 and 11324?
596
What is the greatest common divisor of 1971 and 105705?
27
Calculate the greatest common divisor of 3 and 30418.
1
What is the highest common factor of 142618 and 122?
122
What is the highest common divisor of 62784 and 324?
36
What is the greatest common factor of 41454 and 18?
18
What is the highest common divisor of 38837 and 13987?
71
What is the greatest common factor of 5459 and 6901?
103
What is the highest common factor of 480 and 20480?
160
Calculate the greatest common divisor of 24390 and 70.
10
Calculate the greatest common divisor of 43955 and 1180.
295
What is the greatest common divisor of 21576 and 20181?
93
Calculate the greatest common divisor of 511 and 9125.
73
What is the highest common divisor of 44 and 1604?
4
Calculate the greatest common divisor of 59752 and 728.
56
Calculate the greatest common factor of 15807 and 99.
33
What is the highest common divisor of 3200 and 384?
128
What is the greatest common divisor of 1291330 and 14465?
1315
Calculate the greatest common divisor of 441 and 38808.
441
Calculate the greatest common factor of 2084 and 2605.
521
What is the greatest common factor of 145 and 3070?
5
What is the greatest common factor of 6534 and 5120478?
2178
Calculate the highest common factor of 1458 and 190566.
54
Calculate the highest common divisor of 129 and 165507.
129
What is the highest common divisor of 19140 and 550?
110
What is the highest common divisor of 144 and 8952?
24
Calculate the highest common factor of 22 and 441793.
11
Calculate the greatest common divisor of 17586 and 288.
18
Calculate the highest common divisor of 220809 and 267.
267
What is the highest common factor of 8104100 and 100?
100
Calculate the greatest common divisor of 13 and 39884.
13
Calculate the highest common divisor of 776972 and 126.
14
What is the greatest common divisor of 3968 and 4092?
124
Calculate the highest common divisor of 17 and 17527.
17
What is the highest common divisor of 6125 and 123039?
49
Calculate the greatest common divisor of 8125 and 377.
13
What is the greatest common factor of 6040 and 20560?
40
Calculate the greatest common factor of 798733 and 26.
13
Calculate the highest common divisor of 437962 and 2646.
98
What is the greatest common factor of 37 and 183409?
37
What is the greatest common factor of 240 and 29828?
4
What is the greatest common factor of 51261 and 42?
21
Calculate the greatest common factor of 2447976 and 3.
3
Calculate the highest common divisor of 45 and 10665.
45
What is the highest common factor of 91330 and 90?
10
What is the highest common divisor of 7872345 and 45?
45
Calculate the highest common divisor of 12054 and 3024.
42
Calculate the greatest common factor of 19 and 249223.
19
Calculate the highest common divisor of 36 and 1487796.
12
What is the greatest common divisor of 2625 and 3360?
105
What is the greatest common divisor of 1910 and 510925?
955
What is the highest common divisor of 400 and 16880?
80
What is the greatest common divisor of 95 and 196145?
5
What is the highest common divisor of 788 and 55751?
197
Calculate the greatest common divisor of 45 and 16865.
5
What is the greatest common factor of 55242 and 18?
18
What is the greatest common factor of 1011 and